{"id":2402,"date":"2019-09-06T10:53:12","date_gmt":"2019-09-06T08:53:12","guid":{"rendered":"https:\/\/centrereliance.fr\/assoc-test\/?page_id=2402"},"modified":"2019-09-11T16:52:43","modified_gmt":"2019-09-11T14:52:43","slug":"cafe-relationnel","status":"publish","type":"page","link":"https:\/\/centrereliance.fr\/assoc-test\/cafe-relationnel\/","title":{"rendered":"Caf\u00e9 relationnel"},"content":{"rendered":"\n<p>Le 3\u00e8me jeudi du mois, de 17h45 \u00e0 18h45, au Chim\u00e8re Caf\u00e9, un formateur en M\u00e9thode ESPERE\u00ae vous accompagne pendant 1 heure sur un th\u00e8me de la relation et propose des points de rep\u00e8re pour une communication vivante et en bonne sant\u00e9 !<\/p>\n\n\n\n<p>Entr\u00e9e libre avec consommation d&rsquo;une boisson.<\/p>\n\n\n\n<p><strong><a rel=\"noreferrer noopener\" aria-label=\"Chim\u00e8re Caf\u00e9 12 rue Voltaire 38000 Grenoble (s\u2019ouvre dans un nouvel onglet)\" href=\"https:\/\/lachimerecitoyenne.org\/\" target=\"_blank\">Chim\u00e8re Caf\u00e9 12 rue Voltaire 38000 Grenoble<\/a><\/strong><\/p>\n\n\n\n<p><\/p>\n\n\n\n<p>Calendrier\u00a0:<\/p>\n\n\n\n<p>19 septembre &#8211; 17 octobre &#8211; 21 novembre &#8211; 19 d\u00e9cembre &#8211; 16 janvier <\/p>\n\n\n\n<p>20 f\u00e9vrier &#8211; 19 mars &#8211; 16 avril &#8211; 28 mai &nbsp;&#8211; 18 juin<\/p>\n","protected":false},"excerpt":{"rendered":"<p>Le 3\u00e8me jeudi du mois, de 17h45 \u00e0 18h45, au Chim\u00e8re Caf\u00e9, un formateur en M\u00e9thode ESPERE\u00ae vous accompagne pendant 1 heure sur un th\u00e8me de la relation et propose des points de rep\u00e8re pour une communication vivante et en<\/p>\n","protected":false},"author":1,"featured_media":0,"parent":0,"menu_order":0,"comment_status":"closed","ping_status":"closed","template":"","meta":{"footnotes":""},"class_list":["post-2402","page","type-page","status-publish","hentry"],"_links":{"self":[{"href":"https:\/\/centrereliance.fr\/assoc-test\/wp-json\/wp\/v2\/pages\/2402","targetHints":{"allow":["GET"]}}],"collection":[{"href":"https:\/\/centrereliance.fr\/assoc-test\/wp-json\/wp\/v2\/pages"}],"about":[{"href":"https:\/\/centrereliance.fr\/assoc-test\/wp-json\/wp\/v2\/types\/page"}],"author":[{"embeddable":true,"href":"https:\/\/centrereliance.fr\/assoc-test\/wp-json\/wp\/v2\/users\/1"}],"replies":[{"embeddable":true,"href":"https:\/\/centrereliance.fr\/assoc-test\/wp-json\/wp\/v2\/comments?post=2402"}],"version-history":[{"count":4,"href":"https:\/\/centrereliance.fr\/assoc-test\/wp-json\/wp\/v2\/pages\/2402\/revisions"}],"predecessor-version":[{"id":2416,"href":"https:\/\/centrereliance.fr\/assoc-test\/wp-json\/wp\/v2\/pages\/2402\/revisions\/2416"}],"wp:attachment":[{"href":"https:\/\/centrereliance.fr\/assoc-test\/wp-json\/wp\/v2\/media?parent=2402"}],"curies":[{"name":"wp","href":"https:\/\/api.w.org\/{rel}","templated":true}]}}