{"id":670,"date":"2017-05-23T16:26:28","date_gmt":"2017-05-23T14:26:28","guid":{"rendered":"https:\/\/centrereliance.fr\/assoc-test\/?page_id=670"},"modified":"2019-09-25T19:42:47","modified_gmt":"2019-09-25T17:42:47","slug":"tipi","status":"publish","type":"page","link":"https:\/\/centrereliance.fr\/assoc-test\/tipi\/","title":{"rendered":"TIPI &#8211; pour se lib\u00e9rer des perturbations \u00e9motionnelles"},"content":{"rendered":"<div class=\"woocommerce columns-1 \"><\/div>\n<h3><span style=\"color: #ff6600\">S\u00e9ances individuelles<\/span><\/h3>\n<p>La <a href=\"https:\/\/tipi.pro\/accueil\/\" target=\"_blank\" rel=\"noopener noreferrer\">technique TIPI<\/a> permet de se lib\u00e9rer de toutes les perturbations \u00e9motionnelles : phobies diverses, angoisse, inhibition, d\u00e9prime, g\u00eane ou mal-\u00eatre dans certaines situations banales. Il peut \u00e9galement \u00eatre propos\u00e9 en s\u00e9ance d\u2019apprendre \u00e0 utiliser par soi-m\u00eame cette technique au quotidien de la vie.<br \/>\nAnimation par Jean-Luc Mermet ou Gilles Salanou<br \/>\nContacter Reliance pour prendre rendez-vous : 04 76 85 12 12<\/p>\n","protected":false},"excerpt":{"rendered":"<p>S\u00e9ances individuelles La technique TIPI permet de se lib\u00e9rer de toutes les perturbations \u00e9motionnelles : phobies diverses, angoisse, inhibition, d\u00e9prime, g\u00eane ou mal-\u00eatre dans certaines situations banales. Il peut \u00e9galement \u00eatre propos\u00e9 en s\u00e9ance d\u2019apprendre \u00e0 utiliser par soi-m\u00eame cette<\/p>\n","protected":false},"author":1,"featured_media":0,"parent":0,"menu_order":0,"comment_status":"closed","ping_status":"closed","template":"","meta":{"footnotes":""},"class_list":["post-670","page","type-page","status-publish","hentry"],"_links":{"self":[{"href":"https:\/\/centrereliance.fr\/assoc-test\/wp-json\/wp\/v2\/pages\/670","targetHints":{"allow":["GET"]}}],"collection":[{"href":"https:\/\/centrereliance.fr\/assoc-test\/wp-json\/wp\/v2\/pages"}],"about":[{"href":"https:\/\/centrereliance.fr\/assoc-test\/wp-json\/wp\/v2\/types\/page"}],"author":[{"embeddable":true,"href":"https:\/\/centrereliance.fr\/assoc-test\/wp-json\/wp\/v2\/users\/1"}],"replies":[{"embeddable":true,"href":"https:\/\/centrereliance.fr\/assoc-test\/wp-json\/wp\/v2\/comments?post=670"}],"version-history":[{"count":29,"href":"https:\/\/centrereliance.fr\/assoc-test\/wp-json\/wp\/v2\/pages\/670\/revisions"}],"predecessor-version":[{"id":2440,"href":"https:\/\/centrereliance.fr\/assoc-test\/wp-json\/wp\/v2\/pages\/670\/revisions\/2440"}],"wp:attachment":[{"href":"https:\/\/centrereliance.fr\/assoc-test\/wp-json\/wp\/v2\/media?parent=670"}],"curies":[{"name":"wp","href":"https:\/\/api.w.org\/{rel}","templated":true}]}}