{"id":2511,"date":"2020-02-19T10:27:58","date_gmt":"2020-02-19T09:27:58","guid":{"rendered":"https:\/\/centrereliance.fr\/sarl\/?page_id=2511"},"modified":"2026-07-27T17:18:40","modified_gmt":"2026-07-27T15:18:40","slug":"mentions-legales","status":"publish","type":"page","link":"https:\/\/centrereliance.fr\/sarl\/mentions-legales\/","title":{"rendered":"Mentions l\u00e9gales"},"content":{"rendered":"<div class=\"et_pb_section_0 et_pb_section et_section_regular et_block_section section_has_divider et_pb_bottom_divider\">\n<div class=\"et_pb_row_0 et_pb_row et_block_row\">\n<div class=\"et_pb_column_0 et_pb_column et_pb_column_4_4 et-last-child et_block_column et_pb_css_mix_blend_mode_passthrough\">\n<div class=\"et_pb_post_title_0 et_pb_post_title et_pb_bg_layout_light et_pb_module et_block_module\"><div class=\"et_pb_title_container\"><h1 class=\"entry-title\">Mentions l\u00e9gales<\/h1><\/div><\/div>\n<\/div>\n<\/div>\n\n<div class=\"et_pb_row_1 et_pb_row et_block_row\">\n<div class=\"et_pb_column_1 et_pb_column et_pb_column_4_4 et-last-child et_block_column et_pb_css_mix_blend_mode_passthrough\">\n<div class=\"et_pb_text_0 et_pb_text et_pb_bg_layout_light et_pb_module et_block_module\"><div class=\"et_pb_text_inner\"><p style=\"text-align: justify;\">L\u2019utilisation de ce site est soumise au respect des lois applicables et des pr\u00e9sentes conditions g\u00e9n\u00e9rales d\u2019acc\u00e8s et d\u2019utilisation. Nous nous r\u00e9servons le droit de modifier ces derni\u00e8res \u00e0 tout moment, aussi nous invitons les utilisateurs \u00e0 s\u2019y reporter r\u00e9guli\u00e8rement.<br \/>Le site est soumis \u00e0 la loi fran\u00e7aise. Toute utilisation du site doit \u00eatre conforme \u00e0 la loi fran\u00e7aise et aux trait\u00e9s et instruments nationaux et internationaux applicables et sera r\u00e9put\u00e9e \u00eatre intervenue sur le territoire fran\u00e7ais. Tout acc\u00e8s et\/ou utilisation du site vaut acceptation expresse et sans r\u00e9serve des pr\u00e9sentes conditions g\u00e9n\u00e9rales d\u2019utilisation.<\/p>\n<\/div><\/div>\n\n<div class=\"et_pb_text_1 et_pb_text et_pb_bg_layout_light et_pb_module et_block_module\"><div class=\"et_pb_text_inner\"><p style=\"text-align: justify;\"><span style=\"color: #82b000;\"><strong>INFORMATIONS G\u00c9N\u00c9RALES<\/strong><\/span><\/p>\n<p style=\"text-align: justify;\">Le site centrereliance.fr est la propri\u00e9t\u00e9 de : RELIANCE SARL<br \/><strong>Adresse du si\u00e8ge social<\/strong> : 14 avenue Victor Hugo 38130 Echirolles<br \/><strong>Num\u00e9ro de t\u00e9l\u00e9phone<\/strong> : 04 76 85 12 12<br \/><strong>Adresse de courrier \u00e9lectronique<\/strong> : contact@centrereliance.fr<br \/><strong>Forme juridique<\/strong> : SARL<br \/><strong>Montant du capital social<\/strong> : 12 500\u20ac<br \/><strong>Num\u00e9ro d'inscription au registre du commerce et des soci\u00e9t\u00e9s<\/strong> : B 412 185 100<br \/><strong>N\u00b0TVA intra communautaire<\/strong> : FR 88412185100<a href=\"\/politique-de-confidentialite\"><\/a><\/p>\n<\/div><\/div>\n\n<div class=\"et_pb_text_2 et_pb_text et_pb_bg_layout_light et_pb_module et_block_module et_pb_text_align_center\"><div class=\"et_pb_text_inner\"><p><a href=\"https:\/\/centrereliance.fr\/sarl\/conditions-generales-de-vente\/\">Conditions g\u00e9n\u00e9rales de vente Reliance SARL<\/a><br \/>\n<a href=\"https:\/\/centrereliance.fr\/sarl\/politique-de-confidentialite\/\">Politique de confidentialit\u00e9<\/a><\/p>\n<\/div><\/div>\n<\/div>\n<\/div>\n<div class=\"et_pb_bottom_inside_divider et-no-transition\"><\/div><\/div>","protected":false},"excerpt":{"rendered":"","protected":false},"author":1,"featured_media":0,"parent":0,"menu_order":0,"comment_status":"closed","ping_status":"closed","template":"","meta":{"footnotes":""},"class_list":["post-2511","page","type-page","status-publish","hentry"],"yoast_head":"<!-- This site is optimized with the Yoast SEO plugin v28.1 - https:\/\/yoast.com\/product\/yoast-seo-wordpress\/ -->\n<title>Mentions l\u00e9gales - Placer l\u2019humain au c\u0153ur des organisations<\/title>\n<meta name=\"robots\" content=\"noindex, nofollow\" \/>\n<meta property=\"og:locale\" content=\"fr_FR\" \/>\n<meta property=\"og:type\" content=\"article\" \/>\n<meta property=\"og:title\" content=\"Mentions l\u00e9gales - Placer l\u2019humain au c\u0153ur des organisations\" \/>\n<meta property=\"og:url\" content=\"https:\/\/centrereliance.fr\/sarl\/mentions-legales\/\" \/>\n<meta property=\"og:site_name\" content=\"Placer l\u2019humain au c\u0153ur des organisations\" \/>\n<meta property=\"article:publisher\" content=\"https:\/\/www.facebook.com\/Reliance-Association-318815031580269\/\" \/>\n<meta property=\"article:modified_time\" content=\"2026-07-27T15:18:40+00:00\" \/>\n<meta property=\"og:image\" content=\"https:\/\/centrereliance.fr\/sarl\/wp-content\/uploads\/sites\/3\/2025\/08\/LogoSARL-scaled.png\" \/>\n\t<meta property=\"og:image:width\" content=\"2524\" \/>\n\t<meta property=\"og:image:height\" content=\"2560\" \/>\n\t<meta property=\"og:image:type\" content=\"image\/png\" \/>\n<meta name=\"twitter:card\" content=\"summary_large_image\" \/>\n<meta name=\"twitter:label1\" content=\"Dur\u00e9e de lecture estim\u00e9e\" \/>\n\t<meta name=\"twitter:data1\" content=\"1 minute\" \/>\n<script type=\"application\/ld+json\" class=\"yoast-schema-graph\">{\"@context\":\"https:\\\/\\\/schema.org\",\"@graph\":[{\"@type\":\"WebPage\",\"@id\":\"https:\\\/\\\/centrereliance.fr\\\/sarl\\\/mentions-legales\\\/\",\"url\":\"https:\\\/\\\/centrereliance.fr\\\/sarl\\\/mentions-legales\\\/\",\"name\":\"Mentions l\u00e9gales - Placer l\u2019humain au c\u0153ur des organisations\",\"isPartOf\":{\"@id\":\"https:\\\/\\\/centrereliance.fr\\\/sarl\\\/#website\"},\"datePublished\":\"2020-02-19T09:27:58+00:00\",\"dateModified\":\"2026-07-27T15:18:40+00:00\",\"breadcrumb\":{\"@id\":\"https:\\\/\\\/centrereliance.fr\\\/sarl\\\/mentions-legales\\\/#breadcrumb\"},\"inLanguage\":\"fr-FR\",\"potentialAction\":[{\"@type\":\"ReadAction\",\"target\":[\"https:\\\/\\\/centrereliance.fr\\\/sarl\\\/mentions-legales\\\/\"]}]},{\"@type\":\"BreadcrumbList\",\"@id\":\"https:\\\/\\\/centrereliance.fr\\\/sarl\\\/mentions-legales\\\/#breadcrumb\",\"itemListElement\":[{\"@type\":\"ListItem\",\"position\":1,\"name\":\"Accueil\",\"item\":\"https:\\\/\\\/centrereliance.fr\\\/sarl\\\/\"},{\"@type\":\"ListItem\",\"position\":2,\"name\":\"Mentions l\u00e9gales\"}]},{\"@type\":\"WebSite\",\"@id\":\"https:\\\/\\\/centrereliance.fr\\\/sarl\\\/#website\",\"url\":\"https:\\\/\\\/centrereliance.fr\\\/sarl\\\/\",\"name\":\"Placer l'humain au c\u0153ur des organisations\",\"description\":\"Actions de formation \u00e0 destination des professionnels\",\"publisher\":{\"@id\":\"https:\\\/\\\/centrereliance.fr\\\/sarl\\\/#organization\"},\"potentialAction\":[{\"@type\":\"SearchAction\",\"target\":{\"@type\":\"EntryPoint\",\"urlTemplate\":\"https:\\\/\\\/centrereliance.fr\\\/sarl\\\/?s={search_term_string}\"},\"query-input\":{\"@type\":\"PropertyValueSpecification\",\"valueRequired\":true,\"valueName\":\"search_term_string\"}}],\"inLanguage\":\"fr-FR\"},{\"@type\":\"Organization\",\"@id\":\"https:\\\/\\\/centrereliance.fr\\\/sarl\\\/#organization\",\"name\":\"Reliance SARL\",\"url\":\"https:\\\/\\\/centrereliance.fr\\\/sarl\\\/\",\"logo\":{\"@type\":\"ImageObject\",\"inLanguage\":\"fr-FR\",\"@id\":\"https:\\\/\\\/centrereliance.fr\\\/sarl\\\/#\\\/schema\\\/logo\\\/image\\\/\",\"url\":\"https:\\\/\\\/centrereliance.fr\\\/sarl\\\/wp-content\\\/uploads\\\/sites\\\/3\\\/2016\\\/10\\\/Logo-SARL-e1476290643249.jpg\",\"contentUrl\":\"https:\\\/\\\/centrereliance.fr\\\/sarl\\\/wp-content\\\/uploads\\\/sites\\\/3\\\/2016\\\/10\\\/Logo-SARL-e1476290643249.jpg\",\"width\":101,\"height\":110,\"caption\":\"Reliance SARL\"},\"image\":{\"@id\":\"https:\\\/\\\/centrereliance.fr\\\/sarl\\\/#\\\/schema\\\/logo\\\/image\\\/\"},\"sameAs\":[\"https:\\\/\\\/www.facebook.com\\\/Reliance-Association-318815031580269\\\/\",\"https:\\\/\\\/www.linkedin.com\\\/company-beta\\\/16261855\"]}]}<\/script>\n<!-- \/ Yoast SEO plugin. -->","yoast_head_json":{"title":"Mentions l\u00e9gales - Placer l\u2019humain au c\u0153ur des organisations","robots":{"index":"noindex","follow":"nofollow"},"og_locale":"fr_FR","og_type":"article","og_title":"Mentions l\u00e9gales - Placer l\u2019humain au c\u0153ur des organisations","og_url":"https:\/\/centrereliance.fr\/sarl\/mentions-legales\/","og_site_name":"Placer l\u2019humain au c\u0153ur des organisations","article_publisher":"https:\/\/www.facebook.com\/Reliance-Association-318815031580269\/","article_modified_time":"2026-07-27T15:18:40+00:00","og_image":[{"width":2524,"height":2560,"url":"https:\/\/centrereliance.fr\/sarl\/wp-content\/uploads\/sites\/3\/2025\/08\/LogoSARL-scaled.png","type":"image\/png"}],"twitter_card":"summary_large_image","twitter_misc":{"Dur\u00e9e de lecture estim\u00e9e":"1 minute"},"schema":{"@context":"https:\/\/schema.org","@graph":[{"@type":"WebPage","@id":"https:\/\/centrereliance.fr\/sarl\/mentions-legales\/","url":"https:\/\/centrereliance.fr\/sarl\/mentions-legales\/","name":"Mentions l\u00e9gales - Placer l\u2019humain au c\u0153ur des organisations","isPartOf":{"@id":"https:\/\/centrereliance.fr\/sarl\/#website"},"datePublished":"2020-02-19T09:27:58+00:00","dateModified":"2026-07-27T15:18:40+00:00","breadcrumb":{"@id":"https:\/\/centrereliance.fr\/sarl\/mentions-legales\/#breadcrumb"},"inLanguage":"fr-FR","potentialAction":[{"@type":"ReadAction","target":["https:\/\/centrereliance.fr\/sarl\/mentions-legales\/"]}]},{"@type":"BreadcrumbList","@id":"https:\/\/centrereliance.fr\/sarl\/mentions-legales\/#breadcrumb","itemListElement":[{"@type":"ListItem","position":1,"name":"Accueil","item":"https:\/\/centrereliance.fr\/sarl\/"},{"@type":"ListItem","position":2,"name":"Mentions l\u00e9gales"}]},{"@type":"WebSite","@id":"https:\/\/centrereliance.fr\/sarl\/#website","url":"https:\/\/centrereliance.fr\/sarl\/","name":"Placer l'humain au c\u0153ur des organisations","description":"Actions de formation \u00e0 destination des professionnels","publisher":{"@id":"https:\/\/centrereliance.fr\/sarl\/#organization"},"potentialAction":[{"@type":"SearchAction","target":{"@type":"EntryPoint","urlTemplate":"https:\/\/centrereliance.fr\/sarl\/?s={search_term_string}"},"query-input":{"@type":"PropertyValueSpecification","valueRequired":true,"valueName":"search_term_string"}}],"inLanguage":"fr-FR"},{"@type":"Organization","@id":"https:\/\/centrereliance.fr\/sarl\/#organization","name":"Reliance SARL","url":"https:\/\/centrereliance.fr\/sarl\/","logo":{"@type":"ImageObject","inLanguage":"fr-FR","@id":"https:\/\/centrereliance.fr\/sarl\/#\/schema\/logo\/image\/","url":"https:\/\/centrereliance.fr\/sarl\/wp-content\/uploads\/sites\/3\/2016\/10\/Logo-SARL-e1476290643249.jpg","contentUrl":"https:\/\/centrereliance.fr\/sarl\/wp-content\/uploads\/sites\/3\/2016\/10\/Logo-SARL-e1476290643249.jpg","width":101,"height":110,"caption":"Reliance SARL"},"image":{"@id":"https:\/\/centrereliance.fr\/sarl\/#\/schema\/logo\/image\/"},"sameAs":["https:\/\/www.facebook.com\/Reliance-Association-318815031580269\/","https:\/\/www.linkedin.com\/company-beta\/16261855"]}]}},"_links":{"self":[{"href":"https:\/\/centrereliance.fr\/sarl\/wp-json\/wp\/v2\/pages\/2511","targetHints":{"allow":["GET"]}}],"collection":[{"href":"https:\/\/centrereliance.fr\/sarl\/wp-json\/wp\/v2\/pages"}],"about":[{"href":"https:\/\/centrereliance.fr\/sarl\/wp-json\/wp\/v2\/types\/page"}],"author":[{"embeddable":true,"href":"https:\/\/centrereliance.fr\/sarl\/wp-json\/wp\/v2\/users\/1"}],"replies":[{"embeddable":true,"href":"https:\/\/centrereliance.fr\/sarl\/wp-json\/wp\/v2\/comments?post=2511"}],"version-history":[{"count":10,"href":"https:\/\/centrereliance.fr\/sarl\/wp-json\/wp\/v2\/pages\/2511\/revisions"}],"predecessor-version":[{"id":5298,"href":"https:\/\/centrereliance.fr\/sarl\/wp-json\/wp\/v2\/pages\/2511\/revisions\/5298"}],"wp:attachment":[{"href":"https:\/\/centrereliance.fr\/sarl\/wp-json\/wp\/v2\/media?parent=2511"}],"curies":[{"name":"wp","href":"https:\/\/api.w.org\/{rel}","templated":true}]}}

Mentions légales

<div class="et_pb_section_0 et_pb_section et_section_regular et_block_section section_has_divider et_pb_bottom_divider">
<div class="et_pb_row_0 et_pb_row et_block_row">
<div class="et_pb_column_0 et_pb_column et_pb_column_4_4 et-last-child et_block_column et_pb_css_mix_blend_mode_passthrough">
<div class="et_pb_post_title_0 et_pb_post_title et_pb_bg_layout_light et_pb_module et_block_module"><div class="et_pb_title_container"><h1 class="entry-title">Mentions légales</h1></div></div>
</div>
</div>

<div class="et_pb_row_1 et_pb_row et_block_row">
<div class="et_pb_column_1 et_pb_column et_pb_column_4_4 et-last-child et_block_column et_pb_css_mix_blend_mode_passthrough">
<div class="et_pb_text_0 et_pb_text et_pb_bg_layout_light et_pb_module et_block_module"><div class="et_pb_text_inner"><p style="text-align: justify;">L’utilisation de ce site est soumise au respect des lois applicables et des présentes conditions générales d’accès et d’utilisation. Nous nous réservons le droit de modifier ces dernières à tout moment, aussi nous invitons les utilisateurs à s’y reporter régulièrement.<br />Le site est soumis à la loi française. Toute utilisation du site doit être conforme à la loi française et aux traités et instruments nationaux et internationaux applicables et sera réputée être intervenue sur le territoire français. Tout accès et/ou utilisation du site vaut acceptation expresse et sans réserve des présentes conditions générales d’utilisation.</p>
</div></div>

<div class="et_pb_text_1 et_pb_text et_pb_bg_layout_light et_pb_module et_block_module"><div class="et_pb_text_inner"><p style="text-align: justify;"><span style="color: #82b000;"><strong>INFORMATIONS GÉNÉRALES</strong></span></p>
<p style="text-align: justify;">Le site centrereliance.fr est la propriété de : RELIANCE SARL<br /><strong>Adresse du siège social</strong> : 14 avenue Victor Hugo 38130 Echirolles<br /><strong>Numéro de téléphone</strong> : 04 76 85 12 12<br /><strong>Adresse de courrier électronique</strong> : contact@centrereliance.fr<br /><strong>Forme juridique</strong> : SARL<br /><strong>Montant du capital social</strong> : 12 500€<br /><strong>Numéro d'inscription au registre du commerce et des sociétés</strong> : B 412 185 100<br /><strong>N°TVA intra communautaire</strong> : FR 88412185100<a href="/politique-de-confidentialite"></a></p>
</div></div>

<div class="et_pb_text_2 et_pb_text et_pb_bg_layout_light et_pb_module et_block_module et_pb_text_align_center"><div class="et_pb_text_inner"><p><a href="https://centrereliance.fr/sarl/conditions-generales-de-vente/">Conditions générales de vente Reliance SARL</a><br />
<a href="https://centrereliance.fr/sarl/politique-de-confidentialite/">Politique de confidentialité</a></p>
</div></div>
</div>
</div>
<div class="et_pb_bottom_inside_divider et-no-transition"></div></div>

<!-- This site is optimized with the Yoast SEO plugin v28.1 - https://yoast.com/product/yoast-seo-wordpress/ -->
<title>Mentions légales - Placer l’humain au cœur des organisations</title>
<meta name="robots" content="noindex, nofollow" />
<meta property="og:locale" content="fr_FR" />
<meta property="og:type" content="article" />
<meta property="og:title" content="Mentions légales - Placer l’humain au cœur des organisations" />
<meta property="og:url" content="https://centrereliance.fr/sarl/mentions-legales/" />
<meta property="og:site_name" content="Placer l’humain au cœur des organisations" />
<meta property="article:publisher" content="https://www.facebook.com/Reliance-Association-318815031580269/" />
<meta property="article:modified_time" content="2026-07-27T15:18:40+00:00" />
<meta property="og:image" content="https://centrereliance.fr/sarl/wp-content/uploads/sites/3/2025/08/LogoSARL-scaled.png" />
	<meta property="og:image:width" content="2524" />
	<meta property="og:image:height" content="2560" />
	<meta property="og:image:type" content="image/png" />
<meta name="twitter:card" content="summary_large_image" />
<meta name="twitter:label1" content="Durée de lecture estimée" />
	<meta name="twitter:data1" content="1 minute" />
<script type="application/ld+json" class="yoast-schema-graph">{"@context":"https:\/\/schema.org","@graph":[{"@type":"WebPage","@id":"https:\/\/centrereliance.fr\/sarl\/mentions-legales\/","url":"https:\/\/centrereliance.fr\/sarl\/mentions-legales\/","name":"Mentions légales - Placer l’humain au cœur des organisations","isPartOf":{"@id":"https:\/\/centrereliance.fr\/sarl\/#website"},"datePublished":"2020-02-19T09:27:58+00:00","dateModified":"2026-07-27T15:18:40+00:00","breadcrumb":{"@id":"https:\/\/centrereliance.fr\/sarl\/mentions-legales\/#breadcrumb"},"inLanguage":"fr-FR","potentialAction":[{"@type":"ReadAction","target":["https:\/\/centrereliance.fr\/sarl\/mentions-legales\/"]}]},{"@type":"BreadcrumbList","@id":"https:\/\/centrereliance.fr\/sarl\/mentions-legales\/#breadcrumb","itemListElement":[{"@type":"ListItem","position":1,"name":"Accueil","item":"https:\/\/centrereliance.fr\/sarl\/"},{"@type":"ListItem","position":2,"name":"Mentions légales"}]},{"@type":"WebSite","@id":"https:\/\/centrereliance.fr\/sarl\/#website","url":"https:\/\/centrereliance.fr\/sarl\/","name":"Placer l'humain au cœur des organisations","description":"Actions de formation à destination des professionnels","publisher":{"@id":"https:\/\/centrereliance.fr\/sarl\/#organization"},"potentialAction":[{"@type":"SearchAction","target":{"@type":"EntryPoint","urlTemplate":"https:\/\/centrereliance.fr\/sarl\/?s={search_term_string}"},"query-input":{"@type":"PropertyValueSpecification","valueRequired":true,"valueName":"search_term_string"}}],"inLanguage":"fr-FR"},{"@type":"Organization","@id":"https:\/\/centrereliance.fr\/sarl\/#organization","name":"Reliance SARL","url":"https:\/\/centrereliance.fr\/sarl\/","logo":{"@type":"ImageObject","inLanguage":"fr-FR","@id":"https:\/\/centrereliance.fr\/sarl\/#\/schema\/logo\/image\/","url":"https:\/\/centrereliance.fr\/sarl\/wp-content\/uploads\/sites\/3\/2016\/10\/Logo-SARL-e1476290643249.jpg","contentUrl":"https:\/\/centrereliance.fr\/sarl\/wp-content\/uploads\/sites\/3\/2016\/10\/Logo-SARL-e1476290643249.jpg","width":101,"height":110,"caption":"Reliance SARL"},"image":{"@id":"https:\/\/centrereliance.fr\/sarl\/#\/schema\/logo\/image\/"},"sameAs":["https:\/\/www.facebook.com\/Reliance-Association-318815031580269\/","https:\/\/www.linkedin.com\/company-beta\/16261855"]}]}</script>
<!-- / Yoast SEO plugin. -->

Mentions légales - Placer l’humain au cœur des organisations

Placer l’humain au cœur des organisations

Placer l'humain au cœur des organisations

Actions de formation à destination des professionnels
